8707.
3, 19, 29, 1373
What are the prime factors of 2155710?
2, 3, 5, 181, 397
List the prime factors of 665495.
5, 167, 797
What are the prime factors of 801234?
2, 3, 7, 6359
What are the prime factors of 238666?
2, 47, 2539
What are the prime factors of 433080?
2, 3, 5, 401
List the prime factors of 260242.
2, 130121
List the prime factors of 1911857.
1911857
List the prime factors of 1043969.
1043969
What are the prime factors of 16062734?
2, 41, 195887
What are the prime factors of 1064760?
2, 3, 5, 19, 467
What are the prime factors of 8637505?
5, 29, 71, 839
List the prime factors of 448887.
3, 149629
What are the prime factors of 253790?
2, 5, 41, 619
List the prime factors of 63994.
2, 7, 653
What are the prime factors of 937127?
937127
List the prime factors of 234104.
2, 13, 2251
What are the prime factors of 2720019?
3, 906673
What are the prime factors of 1923250?
2, 5, 7, 157
What are the prime factors of 148591?
139, 1069
List the prime factors of 651740.
2, 5, 32587
What are the prime factors of 130160?
2, 5, 1627
List the prime factors of 7150150.
2, 5, 7, 31, 659
What are the prime factors of 1911646?
2, 11, 31, 2803
What are the prime factors of 1686154?
2, 73, 11549
What are the prime factors of 4360230?
2, 3, 5, 7, 769
What are the prime factors of 9368991?
3, 877, 1187
What are the prime factors of 102351?
3, 109, 313
List the prime factors of 198236.
2, 49559
List the prime factors of 8171822.
2, 1061, 3851
What are the prime factors of 8181853?
97, 84349
What are the prime factors of 22105?
5, 4421
What are the prime factors of 260103?
3, 277, 313
List the prime factors of 726468.
2, 3, 60539
List the prime factors of 24452.
2, 6113
List the prime factors of 20366022.
2, 3, 3394337
What are the prime factors of 29670058?
2, 11, 19, 70981
What are the prime factors of 21635372?
2, 11, 41, 67, 179
List the prime factors of 445054.
2, 222527
List the prime factors of 1090743.
3, 363581
What are the prime factors of 2283742?
2, 1141871
What are the prime factors of 2715921?
3, 13, 139, 167
What are the prime factors of 52647?
3, 7, 23, 109
What are the prime factors of 69800?
2, 5, 349
List the prime factors of 1032900.
2, 3, 5, 11, 313
What are the prime factors of 1458083?
11, 41, 53, 61
List the prime factors of 2435505.
3, 5, 17, 9551
List the prime factors of 1458346.
2, 729173
What are the prime factors of 8985078?
2, 3, 17, 29363
What are the prime factors of 492928?
2, 3851
List the prime factors of 372123.
3, 173, 239
What are the prime factors of 64591?
64591
List the prime factors of 114789.
3, 83, 461
List the prime factors of 264322.
2, 283, 467
What are the prime factors of 134435?
5, 7, 23, 167
What are the prime factors of 1283255?
5, 256651
List the prime factors of 1883294.
2, 7, 17, 41, 193
List the prime factors of 17756189.
11, 37, 43627
What are the prime factors of 486356?
2, 13, 47, 199
What are the prime factors of 1587198?
2, 3, 113, 2341
List the prime factors of 290973.
3, 23, 4217
List the prime factors of 363294.
2, 3, 20183
What are the prime factors of 338802?
2, 3, 56467
What are the prime factors of 817317?
3, 30271
What are the prime factors of 5219059?
1061, 4919
List the prime factors of 89314.
2, 44657
What are the prime factors of 25422592?
2, 13, 7639
List the prime factors of 5412335.
5, 1082467
List the prime factors of 24941462.
2, 7, 13, 43, 3187
List the prime factors of 3681448.
2, 460181
List the prime factors of 20169986.
2, 97, 103969
List the prime factors of 8991896.
2, 23, 48869
What are the prime factors of 1466579?
31, 47309
What are the prime factors of 3378779?
257, 13147
What are the prime factors of 87937?
47, 1871
What are the prime factors of 5862932?
2, 839, 1747
List the prime factors of 3346052.
2, 19, 44027
What are the prime factors of 77921?
67, 1163
What are the prime factors of 1585853?
97, 16349
List the prime factors of 10416698.
2, 271, 19219
List the prime factors of 4017668.
2, 313, 3209
List the prime factors of 158309.
23, 6883
What are the prime factors of 90441?
3, 13, 773
What are the prime factors of 3067465?
5, 613493
List the prime factors of 14446261.
311, 46451
What are the prime factors of 11870031?
3, 3956677
List the prime factors of 6644040.
2, 3, 5, 13, 4259
What are the prime factors of 247565?
5, 67, 739
What are the prime factors of 492473?
17, 59, 491
List the prime factors of 162434.
2, 241, 337
List the prime factors of 612462.
2, 3, 102077
What are the prime factors of 717326?
2, 19, 43, 439
List the prime factors of 1757271.
3, 585757
List the prime factors of 363385.
5, 11, 6607
List the prime factors of 1700316.
2, 3, 73, 647
What are the prime factors of 341089?
7, 6961
List the prime factors of 3527226.
2, 3, 21773
List the prime factors of 165203.
165203
What are the prime factors of 4529251?
4529251
What are the prime factors of 18460482?
2, 3, 1193, 2579
What are the prime factors of 23491309?
761, 30869
List the prime factors of 12059719.
7, 97, 17761
List the prime factors of 711711.
3, 7, 11, 13, 79
List the prime factors of 3029255.
5, 79, 7669
List the prime factors of 5331683.
7, 761669
What are the prime factors of 105811?
19, 5569
List the prime factors of 98281.
29, 3389
List the prime factors of 1069775.
5, 7, 6113
What are the prime factors of 755106?
2, 3, 11, 17, 673
What are the prime factors of 1305291?
3, 13, 33469
List the prime factors of 69243.
3, 23081
What are the prime factors of 6232873?
6232873
List the prime factors of 10850820.
2, 3, 5, 180847
List the prime factors of 1716208.
2, 13, 37, 223
List the prime factors of 134780.
2, 5, 23, 293
List the prime factors of 8521027.
1049, 8123
List the prime factors of 529705.
5, 11, 9631
What are the prime factors of 315042?
2, 3, 7, 13, 577
What are the prime factors of 3966202?
2, 17, 31, 53, 71
List the prime factors of 836156.
2, 209039
List the prime factors of 19209455.
5, 29, 137, 967
List the prime factors of 89323.
13, 6871
What are the prime factors of 107006?
2, 53503
What are the prime factors of 428571?
3, 11, 13, 37
What are the prime factors of 781789?
31, 25219
What are the prime factors of 243724?
2, 13, 43, 109
What are the prime factors of 16815427?
37, 71, 173
What are the prime factors of 2835?
3, 5, 7
What are the prime factors of 11024074?
2, 89, 61933
List the prime factors of 561997.
561997
List the prime factors of 1022062.
2, 47, 83, 131
What are the prime factors of 889213?
13, 73, 937
What are the prime factors of 2137123?
2137123
List the prime factors of 1022114.
2, 511057
What are the prime factors of 2028125?
5, 11, 59
What are the prime factors of 186673?
29, 41, 157
List the prime factors of 30971492.
2, 113, 68521
What are the prime factors of 5489517?
3, 11, 166349
List the prime factors of 2854108.
2, 31, 23017
List the prime factors of 87000.
2, 3, 5, 29
List the prime factors of 11333483.
7, 1619069
List the prime factors of 5255270.
2, 5, 23, 73, 313
What are the prime factors of 3512035?
5, 702407
List the prime factors of 2848804.
2, 7, 71, 1433
List the prime factors of 28826.
2, 7, 29, 71
List the prime factors of 3805136.
2, 237821
What are the prime factors of 7530871?
257, 29303
What are the prime factors of 297568?
2, 17, 547
What are the prime factors of 2728194?
2, 3, 7, 17, 3821
List the prime factors of 625321.
631, 991
What are the prime factors of 236848?
2, 113, 131
List the prime factors of 276558.
2, 3, 46093
List the prime factors of 490683.
3, 163561
List the prime factors of 3924506.
2, 103, 19051
List the prime factors of 7522403.
7, 23, 46723
What are the prime factors of 1356571?
1356571
What are the prime factors of 618078?
2, 3, 31, 3323
What are the prime factors of 17036445?
3, 5, 19, 23, 113
What are the prime factors of 376442?
2, 11, 71, 241
List the prime factors of 1288368.
2, 3, 23, 389
What are the prime factors of 58018?
2, 29009
List the prime factors of 1039998.
2, 3, 29, 43, 139
List the prime factors of 188709.
3, 62903
List the prime factors of 5592694.
2, 17, 103, 1597
List the prime factors of 672681.
3, 23, 9749
List the prime factors of 18551906.
2, 127, 73039
What are the prime factors of 25085491?
19, 149, 8861
What are the prime factors of 68871?
3, 11, 2087
List 